git of 62241?
1
What is the units digit of 150417?
7
What is the units digit of 10630?
0
What is the tens digit of 18598?
9
What is the hundreds digit of 8812?
8
What is the hundreds digit of 42697?
6
What is the hundreds digit of 7529?
5
What is the thousands digit of 4665?
4
What is the hundreds digit of 6729?
7
What is the thousands digit of 5166?
5
What is the units digit of 15821?
1
What is the units digit of 21665?
5
What is the hundreds digit of 13566?
5
What is the units digit of 29553?
3
What is the units digit of 538?
8
What is the units digit of 1205?
5
What is the thousands digit of 27480?
7
What is the hundreds digit of 6074?
0
What is the hundreds digit of 1598?
5
What is the hundreds digit of 87424?
4
What is the hundreds digit of 707?
7
What is the thousands digit of 7496?
7
What is the hundreds digit of 13535?
5
What is the units digit of 24096?
6
What is the thousands digit of 4291?
4
What is the units digit of 908?
8
What is the units digit of 21729?
9
What is the thousands digit of 87145?
7
What is the units digit of 418?
8
What is the units digit of 212?
2
What is the hundreds digit of 5182?
1
What is the thousands digit of 5533?
5
What is the units digit of 759?
9
What is the tens digit of 1109?
0
What is the thousands digit of 6377?
6
What is the units digit of 1232?
2
What is the hundreds digit of 10594?
5
What is the units digit of 13969?
9
What is the units digit of 2364?
4
What is the units digit of 6?
6
What is the hundreds digit of 13151?
1
What is the tens digit of 216?
1
What is the hundreds digit of 16596?
5
What is the units digit of 216?
6
What is the hundreds digit of 147601?
6
What is the thousands digit of 1646?
1
What is the thousands digit of 1167?
1
What is the hundreds digit of 53966?
9
What is the thousands digit of 128269?
8
What is the thousands digit of 3149?
3
What is the hundreds digit of 511?
5
What is the thousands digit of 2847?
2
What is the tens digit of 1505?
0
What is the thousands digit of 4045?
4
What is the units digit of 1067?
7
What is the hundreds digit of 110532?
5
What is the hundreds digit of 35503?
5
What is the ten thousands digit of 16310?
1
What is the hundreds digit of 819?
8
What is the tens digit of 662?
6
What is the thousands digit of 3287?
3
What is the hundreds digit of 1306?
3
What is the units digit of 21140?
0
What is the thousands digit of 5363?
5
What is the ten thousands digit of 16998?
1
What is the tens digit of 708?
0
What is the units digit of 308?
8
What is the units digit of 4747?
7
What is the hundreds digit of 7773?
7
What is the units digit of 490?
0
What is the hundreds digit of 1049?
0
What is the units digit of 21710?
0
What is the units digit of 18?
8
What is the hundreds digit of 5289?
2
What is the hundreds digit of 1144?
1
What is the thousands digit of 3517?
3
What is the units digit of 6?
6
What is the thousands digit of 1374?
1
What is the ten thousands digit of 95319?
9
What is the hundreds digit of 213?
2
What is the units digit of 32198?
8
What is the thousands digit of 5409?
5
What is the units digit of 3636?
6
What is the tens digit of 49688?
8
What is the thousands digit of 1340?
1
What is the thousands digit of 5708?
5
What is the hundreds digit of 38160?
1
What is the units digit of 293?
3
What is the hundreds digit of 2460?
4
What is the units digit of 1146?
6
What is the thousands digit of 55875?
5
What is the units digit of 3062?
2
What is the ten thousands digit of 66524?
6
What is the units digit of 27284?
4
What is the hundreds digit of 365?
3
What is the ten thousands digit of 13010?
1
What is the units digit of 3293?
3
What is the hundreds digit of 30744?
7
What is the units digit of 121843?
3
What is the units digit of 1764?
4
What is the units digit of 39883?
3
What is the units digit of 9396?
6
What is the units digit of 39224?
4
What is the units digit of 9706?
6
What is the tens digit of 2427?
2
What is the units digit of 56055?
5
What is the thousands digit of 1989?
1
What is the hundreds digit of 5454?
4
What is the hundreds digit of 4577?
5
What is the tens digit of 2526?
2
What is the hundreds digit of 78215?
2
What is the units digit of 51203?
3
What is the tens digit of 613?
1
What is the hundreds digit of 16051?
0
What is the units digit of 12334?
4
What is the tens digit of 6898?
9
What is the units digit of 3743?
3
What is the ten thousands digit of 39133?
3
What is the units digit of 373?
3
What is the thousands digit of 40746?
0
What is the thousands digit of 4059?
4
What is the units digit of 5727?
7
What is the units digit of 130?
0
What is the units digit of 3468?
8
What is the thousands digit of 84931?
4
What is the thousands digit of 4410?
4
What is the thousands digit of 132664?
2
What is the tens digit of 1267?
6
What is the units digit of 1627?
7
What is the tens digit of 2181?
8
What is the hundreds digit of 292?
2
What is the thousands digit of 10368?
0
What is the thousands digit of 9688?
9
What is the tens digit of 40350?
5
What is the thousands digit of 1604?
1
What is the units digit of 51483?
3
What is the tens digit of 14419?
1
What is the tens digit of 4162?
6
What is the hundreds digit of 6935?
9
What is the hundreds digit of 581?
5
What is the units digit of 5542?
2
What is the hundreds digit of 9982?
9
What is the thousands digit of 1144?
1
What is the units digit of 32694?
4
What is the thousands digit of 16222?
6
What is the tens digit of 97325?
2
What is the tens digit of 14610?
1
What is the units digit of 2058?
8
What is the tens digit of 253?
5
What is the tens digit of 146?
4
What is the thousands digit of 8876?
8
What is the tens digit of 202?
0
What is the tens digit of 844?
4
What is the units digit of 106?
6
What is the thousands digit of 10935?
0
What is the tens digit of 3462?
6
What is the units digit of 1564?
4
What is the units digit of 2306?
6
What is the units digit of 17228?
8
What is the hundreds digit of 1186?
1
What is the thousands digit of 104534?
4
What is the thousands digit of 3853?
3
What is the hundreds digit of 4407?
4
What is the units digit of 4049?
9
What is the thousands digit of 10911?
0
What is the hundreds digit of 17688?
6
What is the hundreds digit of 794?
7
What is the thousands digit of 143566?
3
What is the units digit of 9749?
9
What is the tens digit of 1462?
6
What is the units digit of 40?
0
What is the ten thousands digit of 18881?
1
What is the thousands digit of 4755?
4
What is the hundreds digit of 609?
6
What is the tens digit of 26418?
1
What is the hundreds digit of 194?
1
What is the hundreds digit of 1310?
3
What is the tens digit of 17977?
7
What is the thousands digit of 1971?
1
What is the units digit of 9073?
3
What is the tens digit of 52627?
2
What is the hundreds digit of 10794?
7
What is the tens digit of 2007?
0
What is the hundreds digit of 42583?
5
What is the tens digit of 8147?
4
What is the ten thousands digit of 129108?
2
What is the tens digit of 7088?
8
What is the tens digit of 84?
8
What is the hundreds digit of 17622?
6
What is the hundreds digit of 58595?
5
What is the units digit of 1703?
3
What is the hundreds digit of 2089?
0
What is the hundreds digit of 8506?
5
What is the units digit of 19883?
3
What is the tens digit of 5766?
6
What is the units digit of 12698?
8
What is the units digit of 2085?
5
What is the units digit of 13117?
7
What is the thousands digit of 4468?
4
What is the tens digit of 2170?
7
What is the units digit of 17257?
7
What is the ten thousands digit of 16397?
1
What is the units digit of 784?
4
What is the thousands digit of 1886?
1
What is the tens digit of 82074?
7
What is the tens digit of 309?
0
What is the hundreds digit of 955?
9
What is the units digit of 81?
1
What is the tens digit of 57331?
3
What is the units digit of 5989?
9
What is the thousands digit of 26612?
6
What is the tens digit of 4514?
1
What is the hundreds digit of 5119?
1
What is the thousands digit of 48170?
8
What is the ten thousands digit of 10957?
1
What is the tens digit of 4924?
2
What is the thousands digit of 1423?
1
What is the hundreds digit of 1741?
7
What is the ten thousands digit of 71793?
7
What is the ten thousands digit of 30890?
3
What is the thousands digit of 32960?
2
What is the tens digit o